(base 9) in base 14?
7
Convert 14 (base 12) to base 13.
13
12 (base 5) to base 15
7
6 (base 9) to base 15
6
Convert -24 (base 8) to base 5.
-40
Convert 1002 (base 3) to base 12.
25
Convert 31 (base 15) to base 4.
232
Convert -1144 (base 7) to base 11.
-356
-16 (base 8) to base 7
-20
Convert -79 (base 13) to base 6.
-244
What is -3 (base 7) in base 2?
-11
What is -2 (base 4) in base 2?
-10
What is -4 (base 5) in base 9?
-4
Convert -4 (base 13) to base 14.
-4
What is -6 (base 11) in base 5?
-11
What is 1 (base 15) in base 9?
1
Convert -3 (base 11) to base 4.
-3
Convert -17 (base 8) to base 12.
-13
Convert 7 (base 12) to base 14.
7
142 (base 7) to base 16
4f
41 (base 11) to base 12
39
Convert -242 (base 5) to base 13.
-57
What is 321 (base 4) in base 10?
57
What is -100 (base 2) in base 12?
-4
1 (base 6) to base 5
1
Convert -1 (base 12) to base 11.
-1
Convert 2 (base 12) to base 2.
10
-db (base 14) to base 9
-234
What is -111010 (base 2) in base 12?
-4a
What is -12 (base 8) in base 9?
-11
Convert -d (base 16) to base 14.
-d
6 (base 15) to base 5
11
-24 (base 16) to base 7
-51
Convert 120 (base 11) to base 9.
168
Convert 39 (base 16) to base 5.
212
What is 10 (base 2) in base 12?
2
What is -2 (base 3) in base 16?
-2
What is -3 (base 11) in base 12?
-3
What is -3 (base 4) in base 13?
-3
45 (base 7) to base 2
100001
-3 (base 7) to base 2
-11
Convert -12002 (base 3) to base 2.
-10001001
Convert 340 (base 7) to base 2.
10101111
Convert -14 (base 10) to base 5.
-24
What is -46 (base 11) in base 13?
-3b
Convert 3 (base 9) to base 4.
3
Convert 42 (base 14) to base 5.
213
What is -29 (base 16) in base 6?
-105
What is 11 (base 16) in base 7?
23
-64 (base 9) to base 15
-3d
4 (base 6) to base 7
4
1 (base 9) to base 10
1
What is 87 (base 11) in base 3?
10112
13 (base 5) to base 10
8
-265 (base 8) to base 2
-10110101
-36 (base 8) to base 3
-1010
0 (base 5) to base 9
0
-239 (base 10) to base 9
-285
-3 (base 14) to base 3
-10
Convert 306 (base 7) to base 6.
413
Convert -16 (base 13) to base 6.
-31
What is -147 (base 15) in base 10?
-292
What is 4 (base 6) in base 12?
4
What is 64 (base 9) in base 10?
58
What is 220 (base 4) in base 2?
101000
What is -7 (base 10) in base 5?
-12
-a3 (base 12) to base 4
-1323
What is 2 (base 7) in base 11?
2
Convert 0 (base 10) to base 16.
0
-10100 (base 2) to base 3
-202
Convert -11 (base 2) to base 4.
-3
What is 6 (base 13) in base 12?
6
What is -1 (base 15) in base 5?
-1
What is -101 (base 12) in base 15?
-9a
Convert 100 (base 2) to base 9.
4
What is 130 (base 6) in base 10?
54
What is 43 (base 8) in base 12?
2b
What is -7 (base 10) in base 8?
-7
Convert 35 (base 7) to base 16.
1a
What is -12101 (base 3) in base 10?
-145
What is 3 (base 16) in base 13?
3
What is 2 (base 8) in base 11?
2
Convert 2 (base 4) to base 5.
2
Convert 262 (base 7) to base 11.
11a
2 (base 11) to base 6
2
Convert -21 (base 11) to base 9.
-25
-34 (base 15) to base 5
-144
What is 50 (base 13) in base 12?
55
What is 1001 (base 2) in base 11?
9
-10 (base 3) to base 9
-3
-10 (base 6) to base 15
-6
What is -111 (base 4) in base 2?
-10101
1 (base 12) to base 14
1
0 (base 14) to base 4
0
What is 11 (base 16) in base 3?
122
5 (base 11) to base 6
5
99 (base 12) to base 15
7c
15 (base 15) to base 6
32
204 (base 7) to base 8
146
What is -14 (base 5) in base 7?
-12
Convert 3 (base 13) to base 9.
3
Convert -404 (base 5) to base 8.
-150
207 (base 9) to base 7
331
Convert 33 (base 4) to base 13.
12
Convert -1 (base 4) to base 10.
-1
Convert -40 (base 6) to base 4.
-120
-58 (base 11) to base 2
-111111
Convert 13 (base 16) to base 5.
34
Convert -462 (base 8) to base 10.
-306
Convert -4 (base 16) to base 11.
-4
Convert -12 (base 8) to base 15.
-a
What is 1a (base 11) in base 8?
25
Convert 17 (base 16) to base 3.
212
-7 (base 12) to base 5
-12
Convert -1a (base 14) to base 11.
-22
60 (base 8) to base 13
39
-152 (base 14) to base 8
-414
-235 (base 7) to base 9
-147
What is 11 (base 2) in base 12?
3
1 (base 3) to base 10
1
-3 (base 12) to base 9
-3
Convert -14 (base 7) to base 3.
-102
-87 (base 12) to base 5
-403
-64 (base 11) to base 10
-70
Convert -206 (base 7) to base 13.
-80
-135 (base 6) to base 9
-65
Convert c4 (base 15) to base 7.
352
Convert 0 (base 3) to base 13.
0
-243 (base 7) to base 6
-333
Convert -7 (base 10) to base 12.
-7
Convert 1001 (base 4) to base 7.
122
What is 0 (base 6) in base 7?
0
112 (base 6) to base 10
44
Convert 1a3 (base 13) to base 3.
102012
Convert -3 (base 8) to base 2.
-11
Convert -1415 (base 6) to base 12.
-26b
What is 25 (base 13) in base 5?
111
-4b (base 14) to base 9
-74
5 (base 13) to base 9
5
b (base 13) to base 14
b
40 (base 10) to base 12
34
Convert 16 (base 7) to base 13.
10
Convert 0 (base 3) to base 12.
0
What is c (base 13) in base 5?
22
Convert 0 (base 8) to base 7.
0
Convert 150 (base 11) to base 16.
b0
Convert -11010 (base 2) to base 9.
-28
What is -30 (base 4) in base 2?
-1100
-97 (base 15) to base 14
-a2
What is -122 (base 3) in base 9?
-18
What is 3 (base 9) in base 15?
3
What is 0 (base 5) in base 9?
0
What is -51 (base 7) in base 13?
-2a
What is 5 (base 15) in base 3?
12
Convert -6 (base 16) to base 13.
-6
-121 (base 3) to base 13
-13
What is 0 (base 16) in base 11?
0
Convert -4 (base 9) to base 6.
-4
0 (base 4) to base 15
0
What is -45 (base 12) in base 6?
-125
Convert 4 (base 13) to base 12.
4
Convert -2 (base 5) to base 10.
-2
-2 (base 16) to base 10
-2
What is -150 (base 8) in base 14?
-76
Convert -10001 (base 2) to base 9.
-18
What is -21 (base 7) in base 8?
-17
Convert 1 (base 3) to base 15.
1
Convert 7 (base 16) to base 10.
7
3 (base 14) to base 7
3
110 (base 2) to base 12
6
What is -7 (base 10) in base 16?
-7
Convert 11 (base 4) to base 15.
5
What is -75 (base 11) in base 3?
-10001
What is -1100100 (base 2) in base 3?
-10201
What is -110 (base 2) in base 5?
-11
Convert 2 (base 14) to base 12.
2
-25 (base 6) to base 13
-14
What is 12 (base 3) in base 15?
5
What is -2 (base 14) in base 16?
-2
Convert 13 (base 4) to base 7.
10
-7 (base 9) to base 3
-21
112 (base 12) to base 8
236
Convert 244 (base 5) to base 4.
1022
Convert 0 (base 16) to base 15.
0
Convert -36 (base 13) to base 7.
-63
Convert -1 (base 5) to base 12.
-1
10 (base 3) to base 10
3
Convert 1012 (base 5) to base 7.
246
What is 11 (base 6) in base 2?
111
14 (base 15) to base 2
10011
-3 (base 14) to base 5
-3
-3 (base 7) to base 10
-3
What is -19 (base 12) in base 6?
-33
8 (base 14) to base 5
13
-2 (base 12) to base 10
-2
Convert 3 (base 9) to base 14.
3
Convert -241 (base 8) to base 7.
-320
Convert 1 (base 3) to base 16.
1
219 (base 12) to base 15
159
What is 28 (base 10) in base 12?
24
Convert 142 (base 7) to base 3.
2221
What is 1 (base 7) in base 10?
1
What is 3 (base 16) in base 10?
3
What is 5 (base 14) in base 7?
5
Convert 4 (base 7) to base 2.
100
6 (base 10) to base 11
6
Convert -56 (base 10) to base 3.
-2002
Convert -3 (base 6) to base 13.
-3
2 (base 4) to base 8
2
Convert -87 (base 16) to base 15.
-90
Convert -5 (base 15) to base 8.
-5
Convert 12a (base 12) to base 5.
1203
Convert c (base 14) to base 7.
15
What is 211 (base 9) in base 8?
254
Convert 4 (base 5) to base 3.
11
-228 (base 12) to base 15
-165
What is -32 (base 7) in base 3?
-212
4 (base 5) to base 15
4
What is 4 (base 9) in base 11?
4
What is -3 (base 9) in base 16?
-3
What is 100 (base 2) in base 6?
4
What is 122 (base 4) in base 3?
222
What is 310 (base 6) in base 8?
162
-3 (base 15) to base 16
-3
What is 2 (base 8) in base 15?
2
What is 11 (base 7) in base 6?
12
Convert 3 (base 12) to base 8.
3
What is 70 (base 15) in base 11?
96
3 (base 4) to base 2
11
-13 (base 14) to base 15
-12
What is 2 (base 4) in base 13?
2
What is 76 (base 13) in base 2?
1100001
2 (base 7) to base 14
2
Convert 5c (base 15) to base 5.
322
Convert -9 (base 11) to base 12.
-9
What is -13a (base 13) in base 3?
-22002
Convert 45 (base 6) to base 3.
1002
What is -105 (base 6) in base 2?
-101001
-18 (base 9) to base 16
-11
-9 (base 14) to base 9
-10
What is 13 (base 5) in base 3?
22
-4 (base 12) to base 10
-4
Convert -344 (base 8) to base 16.
-e4
What is -1000001 (base 2) in base 8?
-101
What is -12 (base 12) in base 7?
-20
Convert 1201 (base 5) to base 13.
107
Convert -215 (base 9) to base 12.
-128
What is -1045